{"id":4535,"date":"2021-11-20T16:41:19","date_gmt":"2021-11-20T16:41:19","guid":{"rendered":"https:\/\/cjesh.org\/dev\/tableau-de-bord-des-postes\/"},"modified":"2024-09-19T19:09:40","modified_gmt":"2024-09-19T19:09:40","slug":"tableau-de-bord-des-postes","status":"publish","type":"page","link":"https:\/\/cjesh.org\/dev\/tableau-de-bord-des-postes\/","title":{"rendered":"Tableau de bord des postes"},"content":{"rendered":"\t\t<div data-elementor-type=\"wp-page\" data-elementor-id=\"4535\" class=\"elementor elementor-4535\" data-elementor-post-type=\"page\">\n\t\t\t\t\t\t<section class=\"elementor-section elementor-top-section elementor-element elementor-element-61166b66 elementor-section-boxed elementor-section-height-default elementor-section-height-default\" data-id=\"61166b66\" data-element_type=\"section\" data-e-type=\"section\">\n\t\t\t\t\t\t\t<div class=\"elementor-background-overlay\"><\/div>\n\t\t\t\t\t\t\t<div class=\"elementor-container elementor-column-gap-default\">\n\t\t\t\t\t<div class=\"elementor-column elementor-col-100 elementor-top-column elementor-element elementor-element-5a81cec2\" data-id=\"5a81cec2\" data-element_type=\"column\" data-e-type=\"column\">\n\t\t\t<div class=\"elementor-widget-wrap elementor-element-populated\">\n\t\t\t\t\t\t\t<\/div>\n\t\t<\/div>\n\t\t\t\t\t<\/div>\n\t\t<\/section>\n\t\t\t\t<section class=\"elementor-section elementor-top-section elementor-element elementor-element-77932e61 elementor-section-boxed elementor-section-height-default elementor-section-height-default\" data-id=\"77932e61\" data-element_type=\"section\" data-e-type=\"section\">\n\t\t\t\t\t\t<div class=\"elementor-container elementor-column-gap-default\">\n\t\t\t\t\t<div class=\"elementor-column elementor-col-100 elementor-top-column elementor-element elementor-element-56d4ce31\" data-id=\"56d4ce31\" data-element_type=\"column\" data-e-type=\"column\">\n\t\t\t<div class=\"elementor-widget-wrap elementor-element-populated\">\n\t\t\t\t\t\t<div class=\"elementor-element elementor-element-5fbc972f elementor-widget elementor-widget-shortcode\" data-id=\"5fbc972f\" data-element_type=\"widget\" data-e-type=\"widget\" data-widget_type=\"shortcode.default\">\n\t\t\t\t<div class=\"elementor-widget-container\">\n\t\t\t\t\t\t\t<div class=\"elementor-shortcode\"><div id=\"job-manager-job-dashboard\">\n\n\t<p class=\"account-sign-in\">Vous devez \u00eatre connect\u00e9 pour g\u00e9rer vos offres. <a class=\"button\" href=\"https:\/\/cjesh.org\/dev\/wp-login.php?redirect_to=https%3A%2F%2Fcjesh.org%2Fdev%2Ftableau-de-bord-des-postes%2F\">Se connecter<\/a><\/p>\n\n<\/div>\n<\/div>\n\t\t\t\t\t\t<\/div>\n\t\t\t\t<\/div>\n\t\t\t\t\t<\/div>\n\t\t<\/div>\n\t\t\t\t\t<\/div>\n\t\t<\/section>\n\t\t\t\t<\/div>\n\t\t","protected":false},"excerpt":{"rendered":"","protected":false},"author":1,"featured_media":0,"parent":0,"menu_order":0,"comment_status":"closed","ping_status":"closed","template":"elementor_header_footer","meta":{"_monsterinsights_skip_tracking":false,"_monsterinsights_sitenote_active":false,"_monsterinsights_sitenote_note":"","_monsterinsights_sitenote_category":0,"footnotes":""},"class_list":["post-4535","page","type-page","status-publish","hentry"],"aioseo_notices":[],"_links":{"self":[{"href":"https:\/\/cjesh.org\/dev\/wp-json\/wp\/v2\/pages\/4535","targetHints":{"allow":["GET"]}}],"collection":[{"href":"https:\/\/cjesh.org\/dev\/wp-json\/wp\/v2\/pages"}],"about":[{"href":"https:\/\/cjesh.org\/dev\/wp-json\/wp\/v2\/types\/page"}],"author":[{"embeddable":true,"href":"https:\/\/cjesh.org\/dev\/wp-json\/wp\/v2\/users\/1"}],"replies":[{"embeddable":true,"href":"https:\/\/cjesh.org\/dev\/wp-json\/wp\/v2\/comments?post=4535"}],"version-history":[{"count":3,"href":"https:\/\/cjesh.org\/dev\/wp-json\/wp\/v2\/pages\/4535\/revisions"}],"predecessor-version":[{"id":8535,"href":"https:\/\/cjesh.org\/dev\/wp-json\/wp\/v2\/pages\/4535\/revisions\/8535"}],"wp:attachment":[{"href":"https:\/\/cjesh.org\/dev\/wp-json\/wp\/v2\/media?parent=4535"}],"curies":[{"name":"wp","href":"https:\/\/api.w.org\/{rel}","templated":true}]}}